
5
Calculate the highest common factor of 6171 and 8019.
33
Calculate the greatest common factor of 385 and 227381.
77
What is the greatest common factor of 12 and 72564?
12
What is the greatest common divisor of 378216 and 8?
8
Calculate the greatest common factor of 768 and 3.
3
What is the highest common factor of 1170 and 1041768?
234
What is the highest common factor of 40 and 1485220?
20
What is the highest common factor of 672496 and 880?
176
Calculate the highest common factor of 47081 and 445.
89
Calculate the greatest common divisor of 1795 and 667022.
359
Calculate the greatest common divisor of 175 and 2688.
7
What is the highest common divisor of 171 and 5054?
19
Calculate the greatest common factor of 334 and 3882.
2
Calculate the highest common factor of 10252 and 44.
44
Calculate the highest common factor of 2111026 and 2958.
986
Calculate the highest common factor of 109 and 77063.
109
Calculate the greatest common divisor of 8244 and 6444.
36
What is the greatest common factor of 141 and 31067?
47
Calculate the highest common factor of 3689 and 39525.
527
Calculate the highest common divisor of 17703 and 18.
9
Calculate the greatest common factor of 9559 and 1817.
79
What is the highest common divisor of 59704 and 272?
136
What is the highest common divisor of 22214 and 46726?
766
What is the highest common factor of 2312 and 312?
8
Calculate the greatest common factor of 1025584 and 1904.
112
What is the greatest common divisor of 9740 and 60?
20
Calculate the greatest common divisor of 5016 and 684.
228
Calculate the highest common divisor of 715 and 77.
11
Calculate the greatest common divisor of 8956922 and 26.
26
Calculate the highest common factor of 72450 and 460.
230
What is the highest common divisor of 73505 and 5?
5
Calculate the greatest common factor of 612 and 43860.
204
What is the highest common factor of 39160 and 1100?
220
What is the highest common divisor of 742 and 37683?
53
Calculate the highest common divisor of 237742 and 58.
58
What is the greatest common divisor of 840 and 18984?
168
What is the greatest common divisor of 231 and 46263?
21
Calculate the highest common divisor of 715387 and 491.
491
What is the highest common divisor of 40 and 43880?
40
What is the greatest common divisor of 16 and 248648?
8
Calculate the highest common factor of 19 and 174268.
19
Calculate the greatest common factor of 1154301 and 69.
69
What is the greatest common divisor of 2666 and 94426?
62
What is the greatest common divisor of 2756930 and 440?
110
Calculate the highest common divisor of 30381 and 7257.
123
What is the highest common divisor of 789600 and 36?
12
What is the highest common factor of 93198 and 2401?
49
Calculate the greatest common divisor of 52 and 17563.
13
Calculate the highest common factor of 70547 and 39105.
79
What is the highest common factor of 52310 and 40?
10
Calculate the greatest common divisor of 49677 and 87.
87
Calculate the highest common divisor of 4658 and 6562.
34
Calculate the greatest common divisor of 12 and 277.
1
What is the highest common factor of 190 and 12179?
19
Calculate the greatest common divisor of 99 and 4068.
9
What is the highest common divisor of 143150 and 12950?
350
Calculate the highest common divisor of 632 and 33256.
8
What is the highest common divisor of 38 and 13437826?
38
What is the highest common factor of 465 and 34565?
155
Calculate the highest common factor of 317 and 2120413.
317
What is the greatest common divisor of 27335 and 2420?
55
What is the highest common factor of 31725 and 50?
25
Calculate the highest common divisor of 132 and 105732.
132
What is the highest common divisor of 151346 and 13?
13
Calculate the greatest common divisor of 112520 and 40.
40
What is the greatest common factor of 520 and 573820?
260
Calculate the highest common divisor of 4342914 and 279.
279
Calculate the highest common factor of 33 and 41107.
11
What is the highest common factor of 46163 and 265?
53
Calculate the highest common factor of 38390 and 550.
110
What is the greatest common divisor of 42 and 25942?
14
Calculate the highest common divisor of 15372 and 867420.
2196
What is the greatest common divisor of 35 and 947695?
35
What is the highest common factor of 12 and 14802?
6
Calculate the highest common divisor of 408420 and 225.
45
Calculate the highest common factor of 50 and 68550.
50
What is the highest common divisor of 74146 and 524?
262
Calculate the greatest common factor of 171050 and 88.
22
What is the highest common divisor of 2025 and 200?
25
What is the greatest common divisor of 324624 and 48?
48
Calculate the highest common divisor of 69760 and 9265.
545
What is the greatest common divisor of 10 and 1238630?
10
Calculate the greatest common divisor of 3984 and 36188.
332
What is the greatest common divisor of 11221037 and 17?
17
What is the highest common factor of 135532 and 496?
124
What is the highest common factor of 4812 and 15?
3
What is the highest common divisor of 866587 and 2276?
569
What is the greatest common factor of 104 and 1855048?
104
Calculate the highest common factor of 436213 and 2036.
509
Calculate the greatest common divisor of 199223 and 51.
17
What is the highest common factor of 182 and 413?
7
What is the highest common divisor of 7502 and 2294?
62
Calculate the highest common divisor of 762208 and 64.
32
Calculate the highest common divisor of 2915500 and 9604.
1372
What is the highest common divisor of 149742 and 3760?
94
Calculate the highest common divisor of 490 and 13240.
10
Calculate the greatest common divisor of 1508 and 4251.
13
Calculate the greatest common factor of 550 and 357995.
55
What is the highest common factor of 20932806 and 138?
138
Calculate the greatest common divisor of 28543 and 3.
1
What is the highest common factor of 5225 and 40375?
475
Calculate the highest common factor of 29039 and 5538.
71
Calculate the greatest common divisor of 4552 and 56331.
569
What is the highest common divisor of 6754 and 9053?
11
Calculate the highest common divisor of 74010 and 20.
10
Calculate the greatest common factor of 12013 and 37187.
41
What is the highest common divisor of 617 and 499770?
617
What is the highest common factor of 49 and 162631?
49
Calculate the greatest common divisor of 105 and 14742.
21
What is the greatest common divisor of 10225706 and 5682?
1894
Calculate the highest common divisor of 1995 and 10262.
7
What is the highest common factor of 228 and 1886624?
76
Calculate the highest common factor of 14958 and 810.
54
Calculate the greatest common factor of 49112 and 168.
56
What is the highest common factor of 6 and 3158?
2
What is the highest common divisor of 2436778 and 764?
382
Calculate the greatest common divisor of 7696 and 5200.
208
What is the highest common factor of 566844 and 24?
12
What is the greatest common divisor of 54636 and 2088?
348
What is the highest common divisor of 148565 and 4945?
215
Calculate the highest common divisor of 28 and 374220.
28
Calculate the greatest common divisor of 38 and 23921.
19
Calculate the highest common divisor of 3480 and 961176.
696
Calculate the greatest common factor of 23009 and 57.
19
What is the greatest common factor of 35002 and 258?
86
What is the greatest common divisor of 1250 and 43375?
125
Calculate the highest common divisor of 6 and 5878.
2
Calculate the highest common factor of 165225 and 50.
25
Calculate the highest common divisor of 78096 and 240.
48
What is the greatest common factor of 203 and 768761?
203
What is the greatest common divisor of 12814930 and 190?
190
Calculate the highest common divisor of 144 and 56844.
36
Calculate the highest common divisor of 336 and 77448.
168
Calculate the highest common factor of 240 and 760680.
120
What is the highest common factor of 152870 and 30?
10
Calculate the greatest common factor of 4060992 and 1872.
624
Calculate the greatest common factor of 90250 and 550.
50
Calculate the greatest common factor of 6360 and 87480.
120
Calculate the greatest common divisor of 7172 and 1133.
11
What is the greatest common factor of 5991152 and 32?
16
Calculate the greatest common divisor of 1131 and 9613500.
1131
Calculate the highest common factor of 3174 and 184.
46
Calc